{"id":17,"date":"2025-03-11T12:58:36","date_gmt":"2025-03-11T11:58:36","guid":{"rendered":"https:\/\/miquelantoja.carlosferbell.es\/?page_id=17"},"modified":"2025-04-01T00:32:07","modified_gmt":"2025-03-31T22:32:07","slug":"contacto","status":"publish","type":"page","link":"https:\/\/miquelantoja.carlosferbell.es\/index.php\/contacto\/","title":{"rendered":"Contacto"},"content":{"rendered":"\t\t<div data-elementor-type=\"wp-page\" data-elementor-id=\"17\" class=\"elementor elementor-17\" data-elementor-post-type=\"page\">\n\t\t\t\t<div class=\"elementor-element elementor-element-acc4eb5 e-con-full e-flex e-con e-parent\" data-id=\"acc4eb5\" data-element_type=\"container\" data-settings=\"{&quot;background_background&quot;:&quot;classic&quot;}\">\n\t\t<div class=\"elementor-element elementor-element-1d3f04a e-con-full e-flex e-con e-child\" data-id=\"1d3f04a\" data-element_type=\"container\">\n\t\t\t\t<div class=\"elementor-element elementor-element-62fea8d elementor-widget elementor-widget-wpforms\" data-id=\"62fea8d\" data-element_type=\"widget\" data-widget_type=\"wpforms.default\">\n\t\t\t\t<div class=\"elementor-widget-container\">\n\t\t\t\t\t<style id=\"wpforms-css-vars-elementor-widget-62fea8d\">\n\t\t\t\t.elementor-widget-wpforms.elementor-element-62fea8d {\n\t\t\t\t--wpforms-field-background-color: #3A3636;\n--wpforms-field-border-color: #F8F8F8;\n--wpforms-field-border-color-spare: #F8F8F8;\n--wpforms-field-text-color: #F8F8F8;\n--wpforms-label-color: #961111;\n--wpforms-label-sublabel-color: #961111;\n--wpforms-label-error-color: #D0C609;\n--wpforms-button-background-color: #961111;\n--wpforms-button-text-color: #F8F8F8;\n--wpforms-field-size-input-height: 43px;\n--wpforms-field-size-input-spacing: 15px;\n--wpforms-field-size-font-size: 16px;\n--wpforms-field-size-line-height: 19px;\n--wpforms-field-size-padding-h: 14px;\n--wpforms-field-size-checkbox-size: 16px;\n--wpforms-field-size-sublabel-spacing: 5px;\n--wpforms-field-size-icon-size: 1;\n--wpforms-label-size-font-size: 16px;\n--wpforms-label-size-line-height: 19px;\n--wpforms-label-size-sublabel-font-size: 14px;\n--wpforms-label-size-sublabel-line-height: 17px;\n--wpforms-button-size-font-size: 17px;\n--wpforms-button-size-height: 41px;\n--wpforms-button-size-padding-h: 15px;\n--wpforms-button-size-margin-top: 10px;\n\n\t\t\t}\n\t\t\t<\/style><div class=\"wpforms-container wpforms-container-full wpforms-render-modern\" id=\"wpforms-968\"><form id=\"wpforms-form-968\" class=\"wpforms-validate wpforms-form wpforms-ajax-form\" data-formid=\"968\" method=\"post\" enctype=\"multipart\/form-data\" action=\"\/index.php\/wp-json\/wp\/v2\/pages\/17\" data-token=\"3c7df1d1f1f4a4d81dddabdcafce2d65\" data-token-time=\"1777713940\"><div class=\"wpforms-head-container\"><div class=\"wpforms-title\">\u00a1Contacta conmigo!<\/div><\/div><noscript class=\"wpforms-error-noscript\">Por favor, activa JavaScript en tu navegador para completar este formulario.<\/noscript><div class=\"wpforms-hidden\" id=\"wpforms-error-noscript\">Por favor, activa JavaScript en tu navegador para completar este formulario.<\/div><div class=\"wpforms-field-container\"><div id=\"wpforms-968-field_4-container\" class=\"wpforms-field wpforms-field-name\" data-field-id=\"4\"><fieldset><legend class=\"wpforms-field-label wpforms-label-hide\" aria-hidden=\"false\">Nombre <span class=\"wpforms-required-label\" aria-hidden=\"true\">*<\/span><\/legend><div class=\"wpforms-field-row wpforms-field-large\"><div class=\"wpforms-field-row-block wpforms-first wpforms-one-half\"><input type=\"text\" id=\"wpforms-968-field_4\" class=\"wpforms-field-name-first wpforms-field-required\" name=\"wpforms[fields][4][first]\" placeholder=\"Nombre\" aria-errormessage=\"wpforms-968-field_4-error\" required><label for=\"wpforms-968-field_4\" class=\"wpforms-field-sublabel after wpforms-sublabel-hide\">Nombre<\/label><\/div><div class=\"wpforms-field-row-block wpforms-one-half\"><input type=\"text\" id=\"wpforms-968-field_4-last\" class=\"wpforms-field-name-last wpforms-field-required\" name=\"wpforms[fields][4][last]\" placeholder=\"Apellidos\" aria-errormessage=\"wpforms-968-field_4-last-error\" required><label for=\"wpforms-968-field_4-last\" class=\"wpforms-field-sublabel after wpforms-sublabel-hide\">Apellidos<\/label><\/div><\/div><\/fieldset><\/div><div id=\"wpforms-968-field_3-container\" class=\"wpforms-field wpforms-field-email\" data-field-id=\"3\"><label class=\"wpforms-field-label wpforms-label-hide\" for=\"wpforms-968-field_3\" aria-hidden=\"false\">Correo electr\u00f3nico <span class=\"wpforms-required-label\" aria-hidden=\"true\">*<\/span><\/label><input type=\"email\" id=\"wpforms-968-field_3\" class=\"wpforms-field-large wpforms-field-required\" name=\"wpforms[fields][3]\" placeholder=\"Correo electr\u00f3nico\" spellcheck=\"false\" aria-errormessage=\"wpforms-968-field_3-error\" required><\/div><div id=\"wpforms-968-field_7-container\" class=\"wpforms-field wpforms-field-textarea\" data-field-id=\"7\"><label class=\"wpforms-field-label wpforms-label-hide\" for=\"wpforms-968-field_7\" aria-hidden=\"false\">P\u00e1rrafo de texto<\/label><textarea id=\"wpforms-968-field_7\" class=\"wpforms-field-large\" name=\"wpforms[fields][7]\" placeholder=\"Escribe aqu\u00ed tu texto...\" aria-errormessage=\"wpforms-968-field_7-error\" ><\/textarea><\/div><div id=\"wpforms-968-field_8-container\" class=\"wpforms-field wpforms-field-checkbox\" data-field-id=\"8\"><fieldset><legend class=\"wpforms-field-label wpforms-label-hide\" aria-hidden=\"false\">Casillas de verificaci\u00f3n<\/legend><ul id=\"wpforms-968-field_8\"><li class=\"choice-1 depth-1\"><input type=\"checkbox\" id=\"wpforms-968-field_8_1\" name=\"wpforms[fields][8][]\" value=\"He le\u00eddo y acepto la pol\u00edtica de privacidad\" aria-errormessage=\"wpforms-968-field_8_1-error\"  ><label class=\"wpforms-field-label-inline\" for=\"wpforms-968-field_8_1\">He le\u00eddo y acepto la pol\u00edtica de privacidad<\/label><\/li><\/ul><\/fieldset><\/div><\/div><!-- .wpforms-field-container --><div class=\"wpforms-submit-container\" ><input type=\"hidden\" name=\"wpforms[id]\" value=\"968\"><input type=\"hidden\" name=\"page_title\" value=\"\"><input type=\"hidden\" name=\"page_url\" value=\"https:\/\/miquelantoja.carlosferbell.es\/index.php\/wp-json\/wp\/v2\/pages\/17\"><input type=\"hidden\" name=\"url_referer\" value=\"\"><button type=\"submit\" name=\"wpforms[submit]\" id=\"wpforms-submit-968\" class=\"wpforms-submit\" data-alt-text=\"Enviando...\" data-submit-text=\"Enviar\" aria-live=\"assertive\" value=\"wpforms-submit\">Enviar<\/button><img decoding=\"async\" src=\"https:\/\/miquelantoja.carlosferbell.es\/wp-content\/plugins\/wpforms-lite\/assets\/images\/submit-spin.svg\" class=\"wpforms-submit-spinner\" style=\"display: none;\" width=\"26\" height=\"26\" alt=\"Cargando\"><\/div><\/form><\/div>  <!-- .wpforms-container -->\t\t\t\t<\/div>\n\t\t\t\t<\/div>\n\t\t<div class=\"elementor-element elementor-element-8bcb031 e-con-full e-flex e-con e-child\" data-id=\"8bcb031\" data-element_type=\"container\">\n\t\t\t\t<div class=\"elementor-element elementor-element-5f7c5de elementor-widget elementor-widget-heading\" data-id=\"5f7c5de\" data-element_type=\"widget\" data-widget_type=\"heading.default\">\n\t\t\t\t<div class=\"elementor-widget-container\">\n\t\t\t\t\t<h2 class=\"elementor-heading-title elementor-size-default\">Informaci\u00f3n b\u00e1sica sobre protecci\u00f3n de datos<\/h2>\t\t\t\t<\/div>\n\t\t\t\t<\/div>\n\t\t\t\t<div class=\"elementor-element elementor-element-0fecb6e elementor-widget elementor-widget-text-editor\" data-id=\"0fecb6e\" data-element_type=\"widget\" data-widget_type=\"text-editor.default\">\n\t\t\t\t<div class=\"elementor-widget-container\">\n\t\t\t\t\t\t\t\t\t<p>Responsable: Miquel Antoja. Finalidad: ejecuci\u00f3n del servicio contratado, gesti\u00f3n del env\u00edo de informaci\u00f3n y prospecci\u00f3n comercial. Legitimaci\u00f3n: Legitimaci\u00f3n por consentimiento del interesado. Destinatarios: No se ceder\u00e1n datos a terceros, salvo obligaci\u00f3n legal. Derechos: Tiene derecho a acceder, rectificar y suprimir los datos, as\u00ed como otros derechos, como se explica en la informaci\u00f3n addicional. Ubicaci\u00f3n: Puede consultar la informaci\u00f3n adicional y detallada sobre Protecci\u00f3n de Datos solicit\u00e1ndoselo a nuestro personal , puede solicitar copia al correo electr\u00f3nico hola@miquelantoja.com.<\/p>\t\t\t\t\t\t\t\t<\/div>\n\t\t\t\t<\/div>\n\t\t\t\t<\/div>\n\t\t\t\t<\/div>\n\t\t\t\t<\/div>\n\t\t\t\t<\/div>\n\t\t","protected":false},"excerpt":{"rendered":"<p>\u00a1Contacta conmigo!Por favor, activa JavaScript en tu navegador para completar este formulario.Por favor, activa JavaScript en tu navegador para completar este formulario. Nombre * NombreApellidos Correo electr\u00f3nico *P\u00e1rrafo de texto Casillas de verificaci\u00f3n He le\u00eddo y acepto la pol\u00edtica de privacidad Enviar Informaci\u00f3n b\u00e1sica sobre protecci\u00f3n de datos Responsable: Miquel Antoja. Finalidad: ejecuci\u00f3n del servicio [&hellip;]<\/p>\n","protected":false},"author":1,"featured_media":0,"parent":0,"menu_order":0,"comment_status":"closed","ping_status":"closed","template":"","meta":{"_acf_changed":false,"footnotes":""},"class_list":["post-17","page","type-page","status-publish","hentry"],"acf":[],"yoast_head":"<!-- This site is optimized with the Yoast SEO plugin v24.7 - https:\/\/yoast.com\/wordpress\/plugins\/seo\/ -->\n<title>Contacto - Miquel Antoja<\/title>\n<meta name=\"description\" content=\"Si est\u00e1s interesado en colaborar con Miquel Antoja o participar con \u00e9l en sus eventos, ponte en contacto con \u00e9l.\" \/>\n<meta name=\"robots\" content=\"noindex, follow, max-snippet:-1, max-image-preview:large, max-video-preview:-1\" \/>\n<meta property=\"og:locale\" content=\"es_ES\" \/>\n<meta property=\"og:type\" content=\"article\" \/>\n<meta property=\"og:title\" content=\"Contacto - Miquel Antoja\" \/>\n<meta property=\"og:description\" content=\"Si est\u00e1s interesado en colaborar con Miquel Antoja o participar con \u00e9l en sus eventos, ponte en contacto con \u00e9l.\" \/>\n<meta property=\"og:url\" content=\"https:\/\/miquelantoja.carlosferbell.es\/index.php\/contacto\/\" \/>\n<meta property=\"og:site_name\" content=\"Miquel Antoja\" \/>\n<meta property=\"article:modified_time\" content=\"2025-03-31T22:32:07+00:00\" \/>\n<meta property=\"og:image\" content=\"https:\/\/miquelantoja.carlosferbell.es\/wp-content\/plugins\/wpforms-lite\/assets\/images\/submit-spin.svg\" \/>\n<meta name=\"twitter:card\" content=\"summary_large_image\" \/>\n<meta name=\"twitter:label1\" content=\"Tiempo de lectura\" \/>\n\t<meta name=\"twitter:data1\" content=\"1 minuto\" \/>\n<script type=\"application\/ld+json\" class=\"yoast-schema-graph\">{\"@context\":\"https:\/\/schema.org\",\"@graph\":[{\"@type\":\"WebPage\",\"@id\":\"https:\/\/miquelantoja.carlosferbell.es\/index.php\/contacto\/\",\"url\":\"https:\/\/miquelantoja.carlosferbell.es\/index.php\/contacto\/\",\"name\":\"Contacto - Miquel Antoja\",\"isPartOf\":{\"@id\":\"https:\/\/miquelantoja.carlosferbell.es\/#website\"},\"primaryImageOfPage\":{\"@id\":\"https:\/\/miquelantoja.carlosferbell.es\/index.php\/contacto\/#primaryimage\"},\"image\":{\"@id\":\"https:\/\/miquelantoja.carlosferbell.es\/index.php\/contacto\/#primaryimage\"},\"thumbnailUrl\":\"https:\/\/miquelantoja.carlosferbell.es\/wp-content\/plugins\/wpforms-lite\/assets\/images\/submit-spin.svg\",\"datePublished\":\"2025-03-11T11:58:36+00:00\",\"dateModified\":\"2025-03-31T22:32:07+00:00\",\"description\":\"Si est\u00e1s interesado en colaborar con Miquel Antoja o participar con \u00e9l en sus eventos, ponte en contacto con \u00e9l.\",\"breadcrumb\":{\"@id\":\"https:\/\/miquelantoja.carlosferbell.es\/index.php\/contacto\/#breadcrumb\"},\"inLanguage\":\"es\",\"potentialAction\":[{\"@type\":\"ReadAction\",\"target\":[\"https:\/\/miquelantoja.carlosferbell.es\/index.php\/contacto\/\"]}]},{\"@type\":\"ImageObject\",\"inLanguage\":\"es\",\"@id\":\"https:\/\/miquelantoja.carlosferbell.es\/index.php\/contacto\/#primaryimage\",\"url\":\"https:\/\/miquelantoja.carlosferbell.es\/wp-content\/plugins\/wpforms-lite\/assets\/images\/submit-spin.svg\",\"contentUrl\":\"https:\/\/miquelantoja.carlosferbell.es\/wp-content\/plugins\/wpforms-lite\/assets\/images\/submit-spin.svg\"},{\"@type\":\"BreadcrumbList\",\"@id\":\"https:\/\/miquelantoja.carlosferbell.es\/index.php\/contacto\/#breadcrumb\",\"itemListElement\":[{\"@type\":\"ListItem\",\"position\":1,\"name\":\"Portada\",\"item\":\"https:\/\/miquelantoja.carlosferbell.es\/\"},{\"@type\":\"ListItem\",\"position\":2,\"name\":\"Contacto\"}]},{\"@type\":\"WebSite\",\"@id\":\"https:\/\/miquelantoja.carlosferbell.es\/#website\",\"url\":\"https:\/\/miquelantoja.carlosferbell.es\/\",\"name\":\"Miquel Antoja\",\"description\":\"\",\"potentialAction\":[{\"@type\":\"SearchAction\",\"target\":{\"@type\":\"EntryPoint\",\"urlTemplate\":\"https:\/\/miquelantoja.carlosferbell.es\/?s={search_term_string}\"},\"query-input\":{\"@type\":\"PropertyValueSpecification\",\"valueRequired\":true,\"valueName\":\"search_term_string\"}}],\"inLanguage\":\"es\"}]}<\/script>\n<!-- \/ Yoast SEO plugin. -->","yoast_head_json":{"title":"Contacto - Miquel Antoja","description":"Si est\u00e1s interesado en colaborar con Miquel Antoja o participar con \u00e9l en sus eventos, ponte en contacto con \u00e9l.","robots":{"index":"noindex","follow":"follow","max-snippet":"max-snippet:-1","max-image-preview":"max-image-preview:large","max-video-preview":"max-video-preview:-1"},"og_locale":"es_ES","og_type":"article","og_title":"Contacto - Miquel Antoja","og_description":"Si est\u00e1s interesado en colaborar con Miquel Antoja o participar con \u00e9l en sus eventos, ponte en contacto con \u00e9l.","og_url":"https:\/\/miquelantoja.carlosferbell.es\/index.php\/contacto\/","og_site_name":"Miquel Antoja","article_modified_time":"2025-03-31T22:32:07+00:00","og_image":[{"url":"https:\/\/miquelantoja.carlosferbell.es\/wp-content\/plugins\/wpforms-lite\/assets\/images\/submit-spin.svg","type":"","width":"","height":""}],"twitter_card":"summary_large_image","twitter_misc":{"Tiempo de lectura":"1 minuto"},"schema":{"@context":"https:\/\/schema.org","@graph":[{"@type":"WebPage","@id":"https:\/\/miquelantoja.carlosferbell.es\/index.php\/contacto\/","url":"https:\/\/miquelantoja.carlosferbell.es\/index.php\/contacto\/","name":"Contacto - Miquel Antoja","isPartOf":{"@id":"https:\/\/miquelantoja.carlosferbell.es\/#website"},"primaryImageOfPage":{"@id":"https:\/\/miquelantoja.carlosferbell.es\/index.php\/contacto\/#primaryimage"},"image":{"@id":"https:\/\/miquelantoja.carlosferbell.es\/index.php\/contacto\/#primaryimage"},"thumbnailUrl":"https:\/\/miquelantoja.carlosferbell.es\/wp-content\/plugins\/wpforms-lite\/assets\/images\/submit-spin.svg","datePublished":"2025-03-11T11:58:36+00:00","dateModified":"2025-03-31T22:32:07+00:00","description":"Si est\u00e1s interesado en colaborar con Miquel Antoja o participar con \u00e9l en sus eventos, ponte en contacto con \u00e9l.","breadcrumb":{"@id":"https:\/\/miquelantoja.carlosferbell.es\/index.php\/contacto\/#breadcrumb"},"inLanguage":"es","potentialAction":[{"@type":"ReadAction","target":["https:\/\/miquelantoja.carlosferbell.es\/index.php\/contacto\/"]}]},{"@type":"ImageObject","inLanguage":"es","@id":"https:\/\/miquelantoja.carlosferbell.es\/index.php\/contacto\/#primaryimage","url":"https:\/\/miquelantoja.carlosferbell.es\/wp-content\/plugins\/wpforms-lite\/assets\/images\/submit-spin.svg","contentUrl":"https:\/\/miquelantoja.carlosferbell.es\/wp-content\/plugins\/wpforms-lite\/assets\/images\/submit-spin.svg"},{"@type":"BreadcrumbList","@id":"https:\/\/miquelantoja.carlosferbell.es\/index.php\/contacto\/#breadcrumb","itemListElement":[{"@type":"ListItem","position":1,"name":"Portada","item":"https:\/\/miquelantoja.carlosferbell.es\/"},{"@type":"ListItem","position":2,"name":"Contacto"}]},{"@type":"WebSite","@id":"https:\/\/miquelantoja.carlosferbell.es\/#website","url":"https:\/\/miquelantoja.carlosferbell.es\/","name":"Miquel Antoja","description":"","potentialAction":[{"@type":"SearchAction","target":{"@type":"EntryPoint","urlTemplate":"https:\/\/miquelantoja.carlosferbell.es\/?s={search_term_string}"},"query-input":{"@type":"PropertyValueSpecification","valueRequired":true,"valueName":"search_term_string"}}],"inLanguage":"es"}]}},"_links":{"self":[{"href":"https:\/\/miquelantoja.carlosferbell.es\/index.php\/wp-json\/wp\/v2\/pages\/17","targetHints":{"allow":["GET"]}}],"collection":[{"href":"https:\/\/miquelantoja.carlosferbell.es\/index.php\/wp-json\/wp\/v2\/pages"}],"about":[{"href":"https:\/\/miquelantoja.carlosferbell.es\/index.php\/wp-json\/wp\/v2\/types\/page"}],"author":[{"embeddable":true,"href":"https:\/\/miquelantoja.carlosferbell.es\/index.php\/wp-json\/wp\/v2\/users\/1"}],"replies":[{"embeddable":true,"href":"https:\/\/miquelantoja.carlosferbell.es\/index.php\/wp-json\/wp\/v2\/comments?post=17"}],"version-history":[{"count":128,"href":"https:\/\/miquelantoja.carlosferbell.es\/index.php\/wp-json\/wp\/v2\/pages\/17\/revisions"}],"predecessor-version":[{"id":1914,"href":"https:\/\/miquelantoja.carlosferbell.es\/index.php\/wp-json\/wp\/v2\/pages\/17\/revisions\/1914"}],"wp:attachment":[{"href":"https:\/\/miquelantoja.carlosferbell.es\/index.php\/wp-json\/wp\/v2\/media?parent=17"}],"curies":[{"name":"wp","href":"https:\/\/api.w.org\/{rel}","templated":true}]}}